n thousands digit of 1835335?
3
What is the thousands digit of 9900538?
0
What is the thousands digit of 1444317?
4
What is the thousands digit of 1145114?
5
What is the thousands digit of 680287?
0
What is the hundred thousands digit of 1034272?
0
What is the hundreds digit of 4599052?
0
What is the millions digit of 4106004?
4
What is the hundred thousands digit of 1719373?
7
What is the hundreds digit of 164378?
3
What is the ten thousands digit of 179305?
7
What is the units digit of 14809285?
5
What is the ten thousands digit of 1134792?
3
What is the thousands digit of 12005363?
5
What is the ten thousands digit of 4417016?
1
What is the millions digit of 3730571?
3
What is the hundreds digit of 19565104?
1
What is the hundred thousands digit of 1104284?
1
What is the millions digit of 1812484?
1
What is the ten thousands digit of 9559493?
5
What is the units digit of 6146362?
2
What is the hundreds digit of 286770?
7
What is the ten thousands digit of 130048?
3
What is the hundred thousands digit of 1613494?
6
What is the thousands digit of 4864625?
4
What is the tens digit of 217644?
4
What is the hundred thousands digit of 2976933?
9
What is the ten thousands digit of 37168563?
6
What is the tens digit of 5943480?
8
What is the units digit of 13261703?
3
What is the hundreds digit of 883218?
2
What is the hundred thousands digit of 9065604?
0
What is the ten thousands digit of 455295?
5
What is the hundred thousands digit of 141018?
1
What is the thousands digit of 12256048?
6
What is the thousands digit of 3051372?
1
What is the hundred thousands digit of 455570?
4
What is the hundred thousands digit of 516751?
5
What is the ten thousands digit of 5012276?
1
What is the ten thousands digit of 14124436?
2
What is the units digit of 5453?
3
What is the tens digit of 23517?
1
What is the millions digit of 1706031?
1
What is the thousands digit of 190776?
0
What is the ten thousands digit of 439056?
3
What is the hundreds digit of 29708?
7
What is the ten thousands digit of 1330174?
3
What is the tens digit of 3533528?
2
What is the units digit of 13127642?
2
What is the ten thousands digit of 16514062?
1
What is the hundreds digit of 13148015?
0
What is the hundred thousands digit of 1011029?
0
What is the tens digit of 1086129?
2
What is the hundreds digit of 99419?
4
What is the millions digit of 11608572?
1
What is the hundred thousands digit of 252805?
2
What is the tens digit of 1383952?
5
What is the ten thousands digit of 89423?
8
What is the hundreds digit of 288928?
9
What is the ten thousands digit of 483070?
8
What is the ten thousands digit of 27282?
2
What is the millions digit of 2348043?
2
What is the millions digit of 29571109?
9
What is the hundreds digit of 1770149?
1
What is the thousands digit of 36019423?
9
What is the tens digit of 3694915?
1
What is the hundreds digit of 13170?
1
What is the ten thousands digit of 3634049?
3
What is the ten thousands digit of 57270?
5
What is the hundreds digit of 520392?
3
What is the tens digit of 566271?
7
What is the thousands digit of 4721228?
1
What is the units digit of 6703393?
3
What is the hundreds digit of 918073?
0
What is the units digit of 39717?
7
What is the thousands digit of 11829410?
9
What is the ten thousands digit of 428270?
2
What is the ten thousands digit of 19057894?
5
What is the ten thousands digit of 294870?
9
What is the ten thousands digit of 2061108?
6
What is the ten thousands digit of 2806272?
0
What is the tens digit of 2568292?
9
What is the thousands digit of 146072?
6
What is the tens digit of 1785527?
2
What is the units digit of 821359?
9
What is the millions digit of 1236455?
1
What is the hundred thousands digit of 623662?
6
What is the millions digit of 8097485?
8
What is the thousands digit of 761657?
1
What is the units digit of 1745497?
7
What is the thousands digit of 1347463?
7
What is the ten thousands digit of 461832?
6
What is the hundred thousands digit of 401392?
4
What is the ten thousands digit of 465489?
6
What is the tens digit of 378872?
7
What is the ten millions digit of 10624311?
1
What is the thousands digit of 370180?
0
What is the thousands digit of 25846?
5
What is the hundreds digit of 2688867?
8
What is the units digit of 219877?
7
What is the hundreds digit of 570427?
4
What is the units digit of 304071?
1
What is the thousands digit of 142248?
2
What is the hundreds digit of 9334968?
9
What is the tens digit of 424814?
1
What is the hundred thousands digit of 11792497?
7
What is the hundreds digit of 2286429?
4
What is the units digit of 3903600?
0
What is the units digit of 67457?
7
What is the tens digit of 367414?
1
What is the thousands digit of 78757?
8
What is the ten thousands digit of 4115609?
1
What is the units digit of 66584?
4
What is the millions digit of 5405979?
5
What is the millions digit of 1375435?
1
What is the hundred thousands digit of 10915370?
9
What is the hundred thousands digit of 152338?
1
What is the millions digit of 1112328?
1
What is the tens digit of 2402434?
3
What is the thousands digit of 237915?
7
What is the ten thousands digit of 1903098?
0
What is the hundred thousands digit of 2840971?
8
What is the units digit of 4559206?
6
What is the units digit of 1818223?
3
What is the thousands digit of 53790?
3
What is the tens digit of 226505?
0
What is the ten thousands digit of 1034537?
3
What is the hundred thousands digit of 392099?
3
What is the thousands digit of 16367619?
7
What is the hundred thousands digit of 490435?
4
What is the thousands digit of 208825?
8
What is the units digit of 851250?
0
What is the thousands digit of 2496997?
6
What is the tens digit of 93072?
7
What is the ten thousands digit of 6356540?
5
What is the tens digit of 523?
2
What is the hundreds digit of 3001927?
9
What is the ten thousands digit of 6854298?
5
What is the units digit of 3697959?
9
What is the tens digit of 385323?
2
What is the hundred thousands digit of 2493126?
4
What is the units digit of 12287712?
2
What is the units digit of 30807387?
7
What is the ten thousands digit of 15510?
1
What is the hundreds digit of 1016030?
0
What is the hundreds digit of 1902882?
8
What is the hundred thousands digit of 7489551?
4
What is the ten thousands digit of 8760190?
6
What is the thousands digit of 21832958?
2
What is the hundred thousands digit of 7880310?
8
What is the units digit of 33444618?
8
What is the millions digit of 6634071?
6
What is the thousands digit of 118601?
8
What is the hundred thousands digit of 2357875?
3
What is the thousands digit of 130416?
0
What is the millions digit of 9310126?
9
What is the hundred thousands digit of 6327227?
3
What is the hundreds digit of 2127477?
4
What is the hundreds digit of 295986?
9
What is the hundred thousands digit of 269270?
2
What is the millions digit of 4675371?
4
What is the tens digit of 2341795?
9
What is the millions digit of 6340614?
6
What is the units digit of 799443?
3
What is the thousands digit of 260605?
0
What is the units digit of 1547352?
2
What is the tens digit of 347338?
3
What is the hundreds digit of 22634277?
2
What is the tens digit of 1376164?
6
What is the hundreds digit of 2114178?
1
What is the ten thousands digit of 2653939?
5
What is the hundreds digit of 5541?
5
What is the units digit of 1362735?
5
What is the hundreds digit of 12670523?
5
What is the units digit of 3344141?
1
What is the millions digit of 7838568?
7
What is the ten thousands digit of 2145000?
4
What is the thousands digit of 55577?
5
What is the units digit of 94282?
2
What is the hundreds digit of 352872?
8
What is the ten thousands digit of 37216?
3
What is the hundreds digit of 4499413?
4
What is the tens digit of 1905365?
6
What is the units digit of 174809?
9
What is the hundreds digit of 5864280?
2
What is the units digit of 5137925?
5
What is the ten thousands digit of 12329449?
2
What is the ten thousands digit of 3181578?
8
What is the hundreds digit of 372132?
1
What is the hundred thousands digit of 19181298?
1
What is the hundreds digit of 4167315?
3
What is the hundreds digit of 10626872?
8
What is the hundreds digit of 1056562?
5
What is the millions digit of 26790668?
6
What is the tens digit of 1561349?
4
What is 